te the remainder when 71454 is divided by 59.
5
Calculate the remainder when 2799 is divided by 20.
19
What is the remainder when 631283 is divided by 62?
61
Calculate the remainder when 28457 is divided by 83.
71
Calculate the remainder when 207646 is divided by 349.
340
What is the remainder when 29326 is divided by 131?
113
What is the remainder when 29657 is divided by 19?
17
What is the remainder when 106502 is divided by 106499?
3
What is the remainder when 4566 is divided by 59?
23
Calculate the remainder when 267291 is divided by 377.
375
Calculate the remainder when 1001821 is divided by 48.
13
Calculate the remainder when 103784 is divided by 12.
8
Calculate the remainder when 33377 is divided by 229.
172
Calculate the remainder when 8670 is divided by 1081.
22
Calculate the remainder when 1418325 is divided by 236386.
9
Calculate the remainder when 1379 is divided by 1282.
97
Calculate the remainder when 1426 is divided by 38.
20
Calculate the remainder when 19167 is divided by 15.
12
What is the remainder when 39029 is divided by 14?
11
Calculate the remainder when 1705 is divided by 90.
85
Calculate the remainder when 4246 is divided by 859.
810
What is the remainder when 10772421 is divided by 117?
114
What is the remainder when 3151 is divided by 34?
23
Calculate the remainder when 210 is divided by 203.
7
Calculate the remainder when 9431 is divided by 242.
235
Calculate the remainder when 101484 is divided by 133.
5
Calculate the remainder when 1433104 is divided by 72.
16
What is the remainder when 415652 is divided by 92?
88
Calculate the remainder when 40095 is divided by 32.
31
What is the remainder when 47930 is divided by 287?
1
Calculate the remainder when 4807 is divided by 1192.
39
Calculate the remainder when 5221 is divided by 436.
425
Calculate the remainder when 11710 is divided by 1292.
82
Calculate the remainder when 152320 is divided by 19.
16
What is the remainder when 19670 is divided by 1967?
0
What is the remainder when 195005 is divided by 64?
61
Calculate the remainder when 18839 is divided by 178.
149
What is the remainder when 13923 is divided by 2139?
1089
What is the remainder when 5837 is divided by 365?
362
Calculate the remainder when 1574 is divided by 385.
34
Calculate the remainder when 11792 is divided by 50.
42
Calculate the remainder when 32541 is divided by 226.
223
Calculate the remainder when 75776 is divided by 37885.
6
Calculate the remainder when 41802 is divided by 319.
13
What is the remainder when 10016 is divided by 439?
358
Calculate the remainder when 28387 is divided by 560.
387
What is the remainder when 355488 is divided by 2043?
6
What is the remainder when 35906 is divided by 35901?
5
Calculate the remainder when 263125 is divided by 413.
44
What is the remainder when 377665 is divided by 34?
27
What is the remainder when 768880 is divided by 30?
10
What is the remainder when 233305 is divided by 385?
380
What is the remainder when 1825479 is divided by 971?
970
What is the remainder when 45523 is divided by 41?
13
Calculate the remainder when 12011 is divided by 64.
43
What is the remainder when 1139 is divided by 972?
167
What is the remainder when 8102 is divided by 189?
164
What is the remainder when 2072 is divided by 470?
192
What is the remainder when 21088 is divided by 2316?
244
What is the remainder when 1784 is divided by 664?
456
What is the remainder when 27437 is divided by 1526?
1495
What is the remainder when 14211 is divided by 215?
21
What is the remainder when 58911 is divided by 44?
39
What is the remainder when 9503 is divided by 1344?
95
Calculate the remainder when 58913 is divided by 38.
13
Calculate the remainder when 162598 is divided by 267.
262
Calculate the remainder when 77941 is divided by 1110.
241
Calculate the remainder when 1278 is divided by 185.
168
What is the remainder when 68177 is divided by 2963?
28
What is the remainder when 651 is divided by 292?
67
What is the remainder when 64973 is divided by 714?
713
Calculate the remainder when 1641 is divided by 788.
65
Calculate the remainder when 81903 is divided by 16377.
18
What is the remainder when 2456444 is divided by 435?
434
What is the remainder when 259477 is divided by 5294?
71
Calculate the remainder when 352788 is divided by 2845.
8
What is the remainder when 3041 is divided by 268?
93
Calculate the remainder when 28478 is divided by 712.
710
What is the remainder when 5962 is divided by 1471?
78
What is the remainder when 1534 is divided by 24?
22
What is the remainder when 30823 is divided by 15411?
1
Calculate the remainder when 45014 is divided by 224.
214
What is the remainder when 103385 is divided by 13?
9
Calculate the remainder when 23164 is divided by 198.
196
Calculate the remainder when 10524 is divided by 3421.
261
What is the remainder when 555 is divided by 28?
23
Calculate the remainder when 1051 is divided by 97.
81
Calculate the remainder when 3807 is divided by 319.
298
What is the remainder when 2136 is divided by 217?
183
Calculate the remainder when 57202 is divided by 1546.
0
Calculate the remainder when 28270 is divided by 2567.
33
What is the remainder when 7309 is divided by 1458?
19
Calculate the remainder when 97604 is divided by 1680.
164
What is the remainder when 297275 is divided by 261?
257
Calculate the remainder when 1032 is divided by 80.
72
What is the remainder when 84421 is divided by 268?
1
Calculate the remainder when 42422 is divided by 36.
14
What is the remainder when 171130 is divided by 237?
16
Calculate the remainder when 6566 is divided by 43.
30
What is the remainder when 5778 is divided by 240?
18
Calculate the remainder when 171839 is divided by 2817.
2
What is the remainder when 184310 is divided by 46077?
2
Calculate the remainder when 965 is divided by 4.
1
What is the remainder when 763586 is divided by 381781?
24
What is the remainder when 4279 is divided by 106?
39
Calculate the remainder when 119085 is divided by 1253.
50
What is the remainder when 2935 is divided by 1444?
47
Calculate the remainder when 115887 is divided by 95.
82
Calculate the remainder when 1785235 is divided by 45.
40
What is the remainder when 243 is divided by 97?
49
What is the remainder when 433782 is divided by 472?
14
Calculate the remainder when 281215 is divided by 458.
3
Calculate the remainder when 22384 is divided by 244.
180
What is the remainder when 965 is divided by 91?
55
Calculate the remainder when 31438 is divided by 669.
664
Calculate the remainder when 304589 is divided by 43512.
5
Calculate the remainder when 3050 is divided by 607.
15
Calculate the remainder when 19725 is divided by 3944.
5
What is the remainder when 1130 is divided by 547?
36
Calculate the remainder when 1033357 is divided by 306.
301
What is the remainder when 99755 is divided by 306?
305
What is the remainder when 6907 is divided by 1398?
1315
What is the remainder when 29553 is divided by 36?
33
What is the remainder when 20379 is divided by 2541?
51
What is the remainder when 10580 is divided by 81?
50
Calculate the remainder when 1069 is divided by 354.
7
What is the remainder when 1629 is divided by 19?
14
Calculate the remainder when 17751 is divided by 1047.
999
What is the remainder when 8317 is divided by 4150?
17
Calculate the remainder when 2322 is divided by 31.
28
What is the remainder when 129302 is divided by 14?
12
What is the remainder when 574264 is divided by 154?
152
What is the remainder when 5419 is divided by 5336?
83
Calculate the remainder when 14694 is divided by 262.
22
What is the remainder when 397 is divided by 141?
115
Calculate the remainder when 3714 is divided by 531.
528
Calculate the remainder when 3742 is divided by 410.
52
Calculate the remainder when 87781 is divided by 566.
51
What is the remainder when 125296 is divided by 391?
176
What is the remainder when 890 is divided by 511?
379
Calculate the remainder when 7277 is divided by 2402.
71
What is the remainder when 3282 is divided by 395?
122
What is the remainder when 157395 is divided by 1290?
15
What is the remainder when 7557 is divided by 1510?
7
Calculate the remainder when 112891 is divided by 49.
44
Calculate the remainder when 58025 is divided by 19.
18
